t the prime factors of v.
2, 5
Let l = 0 + 18. Suppose 0 = 5*c + l - 93. List the prime factors of c.
3, 5
Let n be (-10)/(-4) - (-8)/(-16). Let a(t) = 6*t**2 - 2*t + 2. List the prime factors of a(n).
2, 11
Suppose 0 = k + w + 3*w - 66, 3*k - 225 = -3*w. What are the prime factors of k?
2, 3, 13
Suppose 0 = -5*n + 3*n + 6. Suppose 5*x = 5*h + 5 + 20, n*x + 4*h - 22 = 0. What are the prime factors of x?
2, 3
Let r be 4/6 - (-130)/3. Let s = -16 - -24. Suppose 5*h - t + s = 34, 0 = 4*h + 5*t - r. List the prime factors of h.
2, 3
Suppose -3*u = -666 + 132. What are the prime factors of u?
2, 89
Let y(v) = -v**3 + v**2 - 3. Let d(p) = 2*p**3 - p**2 + 6. Let s = -3 - -1. Let l(n) = s*d(n) - 5*y(n). List the prime factors of l(3).
3
Suppose 1 = 5*o + 2*l - 4, -5*o - 5*l = 10. Let m(n) = -o*n - 3*n + 1 + 4*n - 3*n. List the prime factors of m(-1).
2, 3
Let p(j) = -j + 114. List the prime factors of p(0).
2, 3, 19
Let u = 113 - 54. List the prime factors of u.
59
Suppose b - 3*v = 15, 0 = -3*b + v - 6*v + 115. Let l = b - 10. Suppose -3*g = -g - l. List the prime factors of g.
2, 5
Suppose 18*r - 31 = 185. List the prime factors of r.
2, 3
Let a be ((-1)/2)/(2/(-32)). Let l be (6/4)/(3/6). Suppose 0*i = i + l*j - a, 5*j - 2 = 4*i. List the prime factors of i.
2
Suppose 0 = -3*c + 4*c - 6. Let u(f) = 3*f + 1. Let b be u(c). Suppose 2*t - b + 1 = 0. What are the prime factors of t?
3
Suppose -22 - 40 = -a. Suppose 1 + 18 = f + 2*m, 2*f = 2*m + a. What are the prime factors of f?
3
Suppose -2*r = -0*r - 30. Suppose 0 = 2*n + 2*n - 16, h - r = -n. What are the prime factors of h?
11
Let m(w) = w**3 + 7*w**2 - 11*w - 6. Let n(q) = 1. Let s(p) = m(p) - 4*n(p). What are the prime factors of s(-8)?
2, 7
Let b(l) = 4*l - 1. Let u be b(4). Suppose 5*h = u + 95. What are the prime factors of h?
2, 11
Let q(r) = r**3 + 7*r**2 + 6*r + 4. Let o be q(-6). Suppose 3*g - g + o = 0. Let a = g - -14. What are the prime factors of a?
2, 3
Suppose 2*m + 4*h + 4 = 6*m, 3*m - 4*h - 2 = 0. List the prime factors of m.
2
Suppose -2*o - 3*b = -6*b - 107, 3 = 3*b. What are the prime factors of o?
5, 11
Let b be ((-16)/20)/((-2)/330). Suppose 0 = -5*n - 12 + b. Suppose n + 12 = 4*t. What are the prime factors of t?
3
Suppose 0 = -5*d + 2*x + 82 + 57, 2*x = -4*d + 104. Suppose r - d = 13. List the prime factors of r.
2, 5
Suppose -5*y = 2*p - 40, 6 = p + 1. Let v be 100/y + (-1)/(-3). Suppose -2*x = -4*t - 24 - 8, t + v = 2*x. What are the prime factors of x?
2, 3
Let x = 169 + -19. List the prime factors of x.
2, 3, 5
Suppose 20 = 5*a, c - 4*a + 20 + 2 = 0. Let j(f) = -7 + f + 5 + 16. List the prime factors of j(c).
2
Let h(r) be the third derivative of r**4/8 - 2*r**3 + 4*r**2. What are the prime factors of h(12)?
2, 3
Suppose 8 = -4*i, -5*n - 5*i - 2 = -3*n. Suppose 28 - 4 = 4*q. Suppose -18 = n*k - q*k. List the prime factors of k.
3
Let s = 28 - 22. Suppose -s*j + 66 = -3*j. What are the prime factors of j?
2, 11
Let u = -2 - 13. Let l be 4/2*18/(-4). Let k = l - u. List the prime factors of k.
2, 3
Let j(b) = 5*b + 1. Let g(y) = y**2 - 9*y + 2. Let v be g(9). List the prime factors of j(v).
11
Let k(x) = -2*x + 4*x - 3*x - 4 + x**2. Suppose 0*q = 4*q - 12. List the prime factors of k(q).
2
Let f(c) = -c**2 + 15*c - 5. Let y be f(9). Let r = -29 + y. List the prime factors of r.
2, 5
Let c(y) = -y**3 + 8*y**2 - 7*y + 3. Let d be c(7). Suppose u = -d*u + 44. List the prime factors of u.
11
Let y(x) = 24*x**3 - x**2 - x + 1. What are the prime factors of y(1)?
23
Let c be 16/6*(-105)/20. Let z = -10 - c. List the prime factors of z.
2
Suppose -3*k - 3*u + 12 = 0, 2*k + 5*u = 2*u + 8. Suppose k*d - 100 = -d. List the prime factors of d.
2, 5
Let q(z) = 9*z - 2. Suppose 6*h = 11*h - 10. List the prime factors of q(h).
2
Suppose -j = -4*d + 5, -5*j + 13 + 10 = 4*d. Suppose -5*t + 74 = -k, 4*k - d*k - 6 = -t. What are the prime factors of t?
2, 7
Let i(j) = -j**3 - 8*j**2 + 7*j - 8. Suppose 2*n = 3*a + 19, -3*a - 17 = n + 14. Let y be i(a). Suppose 0 = 3*h - y - 14. What are the prime factors of h?
2
Let s(f) = f**3 + 10*f**2 + f + 12. Let b be s(-10). Suppose 4*c - 44 = -5*k, 0*c - k = b*c - 22. What are the prime factors of c?
11
Let w(n) = n**3 + 10*n**2 + 12*n - 7. Let y be w(-11). Let t be (-4)/14 - y/28. Let d = -3 + t. What are the prime factors of d?
2, 3
Let x = -38 - -69. List the prime factors of x.
31
Let w = 33 + -8. What are the prime factors of w?
5
Let a = -4 - -17. Let z = a + 14. List the prime factors of z.
3
Let j(h) = -2*h + 29. What are the prime factors of j(-4)?
37
Let m(y) = -y - 5. Let d be m(-7). Suppose 0 = 3*o - d*o - 17. What are the prime factors of o?
17
Suppose 0*w + 5*w + 5 = 0, 3*w + 91 = n. What are the prime factors of n?
2, 11
Let y = 63 - 114. Let x be (2/(-6))/(1/213). Let d = y - x. List the prime factors of d.
2, 5
Let q(y) = y**2 + 4. Let h(j) = -6*j**2 - 21. Let i(n) = -2*h(n) - 11*q(n). Suppose 0 = 3*b - 2 - 4, -5*z + 14 = -3*b. List the prime factors of i(z).
2, 7
Let k(z) = z**3 + 8*z**2 - 9*z + 13. Let n be k(-9). Let l = 30 - n. Suppose 3*g - l = 19. List the prime factors of g.
2, 3
Let g be ((-196)/5)/((-1)/5). Suppose a = -3*a + g. Suppose 4 = -h, a = 3*p - 4*h - 0*h. List the prime factors of p.
11
Let d be 9*(-2 + 9/3). Let t = 2 + d. List the prime factors of t.
11
Let n = -6 - -2. Let o(h) = -h**3 - 3*h**2 - h - 2. What are the prime factors of o(n)?
2, 3
Let m = -361 - -621. What are the prime factors of m?
2, 5, 13
Let q(s) = s**2 - s. Let v be q(1). Let c = v + 28. Suppose 3*o = -o + c. List the prime factors of o.
7
Let v be ((-7)/(-3) + -3)*-39. Let u = v + -11. What are the prime factors of u?
3, 5
Suppose 3*m - b = 181, -4*m - 95 = 3*b - 319. What are the prime factors of m?
59
Suppose 5*n + 53 = 3. Let t be 288/30 + (-4)/n. What are the prime factors of 2/5 - (-56)/t?
2, 3
Let x be 70/4 - (-7)/14. Suppose 2*z - 2*h = x, 3*h = 3*z + 2*h - 19. Suppose 0 = 5*g - g - z*n - 31, 3*n - 85 = -5*g. List the prime factors of g.
2, 7
Let y(o) = 2*o + 4. Let n be y(-4). Let j be n + (1 - (2 + -3)). Let q(d) = -5*d + 1. What are the prime factors of q(j)?
11
Let h(n) be the first derivative of n**3/3 - 18*n + 2. What are the prime factors of h(-8)?
2, 23
Suppose -4*u = -2*u - 72. Suppose 5*m = u + 19. What are the prime factors of m?
11
Let s be 12/(-42) - 4/(-14). Suppose n - 3 = -s. Suppose -t + n = -2. List the prime factors of t.
5
List the prime factors of (-4)/36*-3 + (-740)/(-3).
13, 19
Suppose 205 = 5*j + 4*a, -168 = -4*j - a - 3*a. Let c = j - 22. List the prime factors of c.
3, 5
Let i be -2 + 13 - (-2 + 3). Suppose 2*w - i = -3*w. What are the prime factors of 31/2 - w/4?
3, 5
Let s = 72 + -47. List the prime factors of s.
5
Suppose 0 = -c + 4*c - 12. Suppose -c*s + 41 = -23. List the prime factors of s.
2
Let l = -9 - 20. Let i = l - -60. List the prime factors of i.
31
Suppose x - 3*r + 9 = 0, 0*r - 5*r = -2*x - 14. Let y = -3 - -9. Suppose x*n - n = y. What are the prime factors of n?
3
Let q be 2 + 3/((-6)/8). Suppose -3*g + 0*m = -2*m - 14, -12 = 3*m. What are the prime factors of q + 14 + -2 + g?
2, 3
Suppose 2*j - 4 = -3*u, 0 = j + u - 0 - 4. What are the prime factors of j?
2
Suppose 5*l - 4*a - 17 = -5*a, 0 = -3*l - a + 9. Suppose -60 = -l*h - 0*h. List the prime factors of h.
3, 5
Let b = -109 + 286. List the prime factors of b.
3, 59
Suppose 35 + 2 = 4*m + 5*r, 0 = -4*m + r + 31. Let p = 19 + m. List the prime factors of p/(-36) + 86/8.
2, 5
Suppose -6*t + 340 = 40. What are the prime factors of t?
2, 5
What are the prime factors of 4 + (1/(-2))/((-9)/1818)?
3, 5, 7
Let d = -17 - -11. Suppose 5*a - 7 = -2. What are the prime factors of (3/d)/(a/(-4))?
2
Let q = 83 + -27. What are the prime factors of q?
2, 7
Let p = -4 + 0. Let n = 0 + p. List the prime factors of 10/(-15)*78/n.
13
Suppose 2*q + 57 = -q. Let o = q - -31. What are the prime factors of o?
2, 3
Let z(l) = 12*l**2 + 5*l + 6. What are the prime factors of z(-3)?
3, 11
Let q(c) = 2*c**2 - 2*c. Suppose -2*r = -4*h - 22, -3*r - 2*r + 23 = -2*h. Let k = 6 - r. List the prime factors of q(k).
2, 3
Let r = 63 + -25. List the prime factors of r.
2, 19
Let l(p) = -p**3 + 8*p**2 + 11*p - 1. Let o be l(9). Let d = 0 + -1. Let c = d + o. List the prim